hat is the remainder when 481 is divided by 178?
125
What is the remainder when 102 is divided by 29?
15
What is the remainder when 166 is divided by 44?
34
What is the remainder when 1311 is divided by 132?
123
What is the remainder when 44 is divided by 7?
2
Calculate the remainder when 170 is divided by 14.
2
What is the remainder when 405 is divided by 58?
57
What is the remainder when 38 is divided by 3?
2
What is the remainder when 84 is divided by 22?
18
Calculate the remainder when 1323 is divided by 328.
11
What is the remainder when 296 is divided by 6?
2
Calculate the remainder when 128 is divided by 17.
9
What is the remainder when 1619 is divided by 52?
7
Calculate the remainder when 541 is divided by 269.
3
Calculate the remainder when 3182 is divided by 136.
54
What is the remainder when 2135 is divided by 89?
88
Calculate the remainder when 2532 is divided by 39.
36
What is the remainder when 64 is divided by 37?
27
What is the remainder when 15198 is divided by 95?
93
What is the remainder when 3797 is divided by 84?
17
What is the remainder when 570 is divided by 13?
11
What is the remainder when 482 is divided by 14?
6
What is the remainder when 2217 is divided by 15?
12
Calculate the remainder when 1081 is divided by 107.
11
Calculate the remainder when 224 is divided by 19.
15
What is the remainder when 7 is divided by 6?
1
Calculate the remainder when 642 is divided by 200.
42
What is the remainder when 80 is divided by 21?
17
Calculate the remainder when 1178 is divided by 37.
31
What is the remainder when 289 is divided by 9?
1
What is the remainder when 16 is divided by 9?
7
Calculate the remainder when 2411 is divided by 22.
13
What is the remainder when 281 is divided by 92?
5
Calculate the remainder when 689 is divided by 17.
9
What is the remainder when 1044 is divided by 149?
1
Calculate the remainder when 43 is divided by 34.
9
What is the remainder when 344 is divided by 118?
108
What is the remainder when 72 is divided by 31?
10
What is the remainder when 2008 is divided by 67?
65
Calculate the remainder when 298 is divided by 43.
40
Calculate the remainder when 1129 is divided by 39.
37
Calculate the remainder when 55 is divided by 28.
27
What is the remainder when 21488 is divided by 35?
33
What is the remainder when 378 is divided by 4?
2
Calculate the remainder when 2022 is divided by 9.
6
What is the remainder when 4086 is divided by 87?
84
What is the remainder when 2341 is divided by 69?
64
Calculate the remainder when 450 is divided by 14.
2
Calculate the remainder when 10009 is divided by 11.
10
What is the remainder when 843 is divided by 836?
7
Calculate the remainder when 813 is divided by 43.
39
Calculate the remainder when 106 is divided by 47.
12
What is the remainder when 423 is divided by 107?
102
Calculate the remainder when 121 is divided by 43.
35
Calculate the remainder when 898 is divided by 75.
73
What is the remainder when 314 is divided by 82?
68
What is the remainder when 504 is divided by 22?
20
What is the remainder when 931 is divided by 310?
1
What is the remainder when 863 is divided by 54?
53
Calculate the remainder when 5982 is divided by 57.
54
Calculate the remainder when 1127 is divided by 354.
65
What is the remainder when 343 is divided by 3?
1
Calculate the remainder when 136 is divided by 30.
16
Calculate the remainder when 4361 is divided by 4.
1
Calculate the remainder when 341 is divided by 83.
9
Calculate the remainder when 258 is divided by 244.
14
Calculate the remainder when 123 is divided by 55.
13
What is the remainder when 38 is divided by 9?
2
What is the remainder when 110 is divided by 26?
6
What is the remainder when 83 is divided by 5?
3
Calculate the remainder when 81 is divided by 17.
13
What is the remainder when 1043 is divided by 12?
11
Calculate the remainder when 3524 is divided by 25.
24
Calculate the remainder when 804 is divided by 146.
74
Calculate the remainder when 158 is divided by 5.
3
Calculate the remainder when 243 is divided by 119.
5
Calculate the remainder when 1483 is divided by 295.
8
What is the remainder when 3095 is divided by 149?
115
Calculate the remainder when 223 is divided by 77.
69
What is the remainder when 739 is divided by 34?
25
Calculate the remainder when 596 is divided by 149.
0
Calculate the remainder when 145 is divided by 37.
34
What is the remainder when 3445 is divided by 91?
78
Calculate the remainder when 741 is divided by 218.
87
Calculate the remainder when 621 is divided by 200.
21
Calculate the remainder when 3589 is divided by 359.
358
Calculate the remainder when 400 is divided by 69.
55
What is the remainder when 49 is divided by 24?
1
What is the remainder when 10619 is divided by 12?
11
What is the remainder when 1021 is divided by 338?
7
Calculate the remainder when 318 is divided by 14.
10
Calculate the remainder when 30432 is divided by 18.
12
Calculate the remainder when 320 is divided by 161.
159
What is the remainder when 3102 is divided by 774?
6
Calculate the remainder when 218 is divided by 56.
50
What is the remainder when 336 is divided by 34?
30
What is the remainder when 81 is divided by 43?
38
What is the remainder when 73 is divided by 37?
36
Calculate the remainder when 52 is divided by 25.
2
Calculate the remainder when 51 is divided by 44.
7
What is the remainder when 205 is divided by 19?
15
What is the remainder when 675 is divided by 52?
51
Calculate the remainder when 52 is divided by 8.
4
Calculate the remainder when 26483 is divided by 41.
38
What is the remainder when 86 is divided by 49?
37
Calculate the remainder when 504 is divided by 32.
24
Calculate the remainder when 732 is divided by 13.
4
What is the remainder when 229 is divided by 77?
75
What is the remainder when 1328 is divided by 42?
26
What is the remainder when 2016 is divided by 142?
28
Calculate the remainder when 75 is divided by 41.
34
Calculate the remainder when 376 is divided by 27.
25
What is the remainder when 210 is divided by 18?
12
Calculate the remainder when 79 is divided by 29.
21
Calculate the remainder when 328 is divided by 22.
20
What is the remainder when 69 is divided by 37?
32
What is the remainder when 1165 is divided by 30?
25
Calculate the remainder when 74 is divided by 38.
36
What is the remainder when 22 is divided by 7?
1
Calculate the remainder when 26 is divided by 9.
8
Calculate the remainder when 145 is divided by 13.
2
What is the remainder when 11 is divided by 2?
1
What is the remainder when 215 is divided by 54?
53
Calculate the remainder when 91 is divided by 37.
17
Calculate the remainder when 956 is divided by 73.
7
Calculate the remainder when 67 is divided by 28.
11
Calculate the remainder when 941 is divided by 28.
17
Calculate the remainder when 2117 is divided by 13.
11
Calculate the remainder when 140 is divided by 48.
44
Calculate the remainder when 152 is divided by 23.
14
What is the remainder when 22707 is divided by 10?
7
Calculate the remainder when 4751 is divided by 22.
21
What is the remainder when 562 is divided by 21?
16
What is the remainder when 840 is divided by 416?
8
What is the remainder when 1342 is divided by 29?
8
What is the remainder when 2007 is divided by 33?
27
What is the remainder when 90 is divided by 41?
8
Calculate the remainder when 4571 is divided by 379.
23
Calculate the remainder when 948 is divided by 191.
184
What is the remainder when 635 is divided by 127?
0
Calculate the remainder when 102 is divided by 83.
19
Calculate the remainder when 281 is divided by 92.
5
What is the remainder when 3099 is divided by 107?
103
What is the remainder when 475 is divided by 125?
100
What is the remainder when 80 is divided by 19?
4
What is the remainder when 807 is divided by 54?
51
Calculate the remainder when 33 is divided by 31.
2
What is the remainder when 1642 is divided by 83?
65
Calculate the remainder when 13173 is divided by 7.
6
Calculate the remainder when 96 is divided by 25.
21
Calculate the remainder when 214 is divided by 36.
34
What is the remainder when 395 is divided by 19?
15
What is the remainder when 5920 is divided by 47?
45
What is the remainder when 209 is divided by 15?
14
What is the remainder when 328 is divided